[INFO] cloning repository https://github.com/bittrance/fargate-stats-reporter
[INFO] running `Command { std: "git" "-c" "credential.helper=" "-c" "credential.helper=/workspace/cargo-home/bin/git-credential-null" "clone" "--bare" "https://github.com/bittrance/fargate-stats-reporter" "/workspace/cache/git-repos/https%3A%2F%2Fgithub.com%2Fbittrance%2Ffargate-stats-reporter", kill_on_drop: false }`
[INFO] [stderr] Cloning into bare repository '/workspace/cache/git-repos/https%3A%2F%2Fgithub.com%2Fbittrance%2Ffargate-stats-reporter'...
[INFO] running `Command { std: "git" "rev-parse" "HEAD", kill_on_drop: false }`
[INFO] [stdout] 3d4dffa71d406709e913472b515d939ee07004e7
[INFO] checking bittrance/fargate-stats-reporter against master#9610dfe5a9a731ced1ea4923ecbd0c57fe367898 for beta-170-4
[INFO] running `Command { std: "git" "clone" "/workspace/cache/git-repos/https%3A%2F%2Fgithub.com%2Fbittrance%2Ffargate-stats-reporter" "/workspace/builds/worker-5-tc1/source", kill_on_drop: false }`
[INFO] [stderr] Cloning into '/workspace/builds/worker-5-tc1/source'...
[INFO] [stderr] done.
[INFO] validating manifest of git repo https://github.com/bittrance/fargate-stats-reporter on toolchain 9610dfe5a9a731ced1ea4923ecbd0c57fe367898
[INFO] running `Command { std: CARGO_HOME="/workspace/cargo-home" RUSTUP_HOME="/workspace/rustup-home" "/workspace/cargo-home/bin/cargo" "+9610dfe5a9a731ced1ea4923ecbd0c57fe367898" "metadata" "--manifest-path" "Cargo.toml" "--no-deps", kill_on_drop: false }`
[INFO] started tweaking git repo https://github.com/bittrance/fargate-stats-reporter
[INFO] finished tweaking git repo https://github.com/bittrance/fargate-stats-reporter
[INFO] tweaked toml for git repo https://github.com/bittrance/fargate-stats-reporter written to /workspace/builds/worker-5-tc1/source/Cargo.toml
[INFO] crate git repo https://github.com/bittrance/fargate-stats-reporter already has a lockfile, it will not be regenerated
[INFO] running `Command { std: CARGO_HOME="/workspace/cargo-home" RUSTUP_HOME="/workspace/rustup-home" "/workspace/cargo-home/bin/cargo" "+9610dfe5a9a731ced1ea4923ecbd0c57fe367898" "fetch" "--manifest-path" "Cargo.toml", kill_on_drop: false }`
[INFO] [stderr]     Updating crates.io index
[INFO] [stderr]     Updating git repository `https://github.com/bittrance/rusoto`
[INFO] [stderr]     Updating git submodule `https://github.com/boto/botocore.git`
[INFO] [stderr]     Blocking waiting for file lock on package cache
[INFO] [stderr]  Downloading crates ...
[INFO] [stderr]   Downloaded tokio-uds v0.2.4
[INFO] [stderr]   Downloaded serde v1.0.82
[INFO] [stderr]   Downloaded args v2.2.0
[INFO] [stderr]   Downloaded stderrlog v0.4.1
[INFO] [stderr]   Downloaded tokio-threadpool v0.1.9
[INFO] [stderr]   Downloaded cc v1.0.26
[INFO] [stderr]   Downloaded tokio-timer v0.2.8
[INFO] [stderr]   Downloaded serde_derive v1.0.82
[INFO] [stderr]   Downloaded h2 v0.1.14
[INFO] [stderr]   Downloaded crossbeam-epoch v0.7.0
[INFO] [stderr]   Downloaded string v0.1.2
[INFO] [stderr]   Downloaded tokio-fs v0.1.4
[INFO] [stderr]   Downloaded tokio-current-thread v0.1.4
[INFO] [stderr]   Downloaded tokio v0.1.13
[INFO] [stderr]   Downloaded autocfg v0.1.1
[INFO] [stderr]   Downloaded reqwest v0.9.5
[INFO] [stderr]   Downloaded hyper v0.12.18
[INFO] [stderr]   Downloaded http v0.1.14
[INFO] [stderr]   Downloaded arrayvec v0.4.9
[INFO] [stderr]   Downloaded mockito v0.15.0
[INFO] running `Command { std: "docker" "create" "-v" "/var/lib/crater-agent-workspace/builds/worker-5-tc1/target:/opt/rustwide/target:rw,Z" "-v" "/var/lib/crater-agent-workspace/builds/worker-5-tc1/source:/opt/rustwide/workdir:ro,Z" "-v" "/var/lib/crater-agent-workspace/cargo-home:/opt/rustwide/cargo-home:ro,Z" "-v" "/var/lib/crater-agent-workspace/rustup-home:/opt/rustwide/rustup-home:ro,Z" "-e" "SOURCE_DIR=/opt/rustwide/workdir" "-e" "CARGO_TARGET_DIR=/opt/rustwide/target" "-e" "CARGO_HOME=/opt/rustwide/cargo-home" "-e" "RUSTUP_HOME=/opt/rustwide/rustup-home" "-w" "/opt/rustwide/workdir" "-m" "1610612736" "--user" "0:0" "--network" "none" "ghcr.io/rust-lang/crates-build-env/linux@sha256:19e73879b68f455e41552ea35293514db52ea292d993f571636dbffedb77a1ee" "/opt/rustwide/cargo-home/bin/cargo" "+9610dfe5a9a731ced1ea4923ecbd0c57fe367898" "metadata" "--no-deps" "--format-version=1", kill_on_drop: false }`
[INFO] [stdout] 7c49089cf945938b062a20df7ce804c4829b6c6fc3ee1f07b86ba5b0ec0528c2
[INFO] running `Command { std: "docker" "start" "-a" "7c49089cf945938b062a20df7ce804c4829b6c6fc3ee1f07b86ba5b0ec0528c2", kill_on_drop: false }`
[INFO] running `Command { std: "docker" "inspect" "7c49089cf945938b062a20df7ce804c4829b6c6fc3ee1f07b86ba5b0ec0528c2", kill_on_drop: false }`
[INFO] running `Command { std: "docker" "rm" "-f" "7c49089cf945938b062a20df7ce804c4829b6c6fc3ee1f07b86ba5b0ec0528c2", kill_on_drop: false }`
[INFO] [stdout] 7c49089cf945938b062a20df7ce804c4829b6c6fc3ee1f07b86ba5b0ec0528c2
[INFO] running `Command { std: "docker" "create" "-v" "/var/lib/crater-agent-workspace/builds/worker-5-tc1/target:/opt/rustwide/target:rw,Z" "-v" "/var/lib/crater-agent-workspace/builds/worker-5-tc1/source:/opt/rustwide/workdir:ro,Z" "-v" "/var/lib/crater-agent-workspace/cargo-home:/opt/rustwide/cargo-home:ro,Z" "-v" "/var/lib/crater-agent-workspace/rustup-home:/opt/rustwide/rustup-home:ro,Z" "-e" "SOURCE_DIR=/opt/rustwide/workdir" "-e" "CARGO_TARGET_DIR=/opt/rustwide/target" "-e" "CARGO_INCREMENTAL=0" "-e" "RUST_BACKTRACE=full" "-e" "RUSTFLAGS=--cap-lints=forbid" "-e" "RUSTDOCFLAGS=--cap-lints=forbid" "-e" "CARGO_HOME=/opt/rustwide/cargo-home" "-e" "RUSTUP_HOME=/opt/rustwide/rustup-home" "-w" "/opt/rustwide/workdir" "-m" "1610612736" "--user" "0:0" "--network" "none" "ghcr.io/rust-lang/crates-build-env/linux@sha256:19e73879b68f455e41552ea35293514db52ea292d993f571636dbffedb77a1ee" "/opt/rustwide/cargo-home/bin/cargo" "+9610dfe5a9a731ced1ea4923ecbd0c57fe367898" "check" "--frozen" "--all" "--all-targets" "--message-format=json", kill_on_drop: false }`
[INFO] [stdout] a3ef4d049361e793919d21520423a3265e3f8d38d8c7eb8dd90bfa7a5ba056ac
[INFO] running `Command { std: "docker" "start" "-a" "a3ef4d049361e793919d21520423a3265e3f8d38d8c7eb8dd90bfa7a5ba056ac", kill_on_drop: false }`
[INFO] [stderr]    Compiling libc v0.2.45
[INFO] [stderr]     Checking cfg-if v0.1.6
[INFO] [stderr]    Compiling version_check v0.1.5
[INFO] [stderr]     Checking rand_core v0.3.0
[INFO] [stderr]     Checking lazy_static v1.2.0
[INFO] [stderr]     Checking futures v0.1.25
[INFO] [stderr]     Checking byteorder v1.2.7
[INFO] [stderr]     Checking scopeguard v0.3.3
[INFO] [stderr]     Checking log v0.4.6
[INFO] [stderr]     Checking crossbeam-utils v0.6.3
[INFO] [stderr]    Compiling cc v1.0.26
[INFO] [stderr]     Checking rand_core v0.2.2
[INFO] [stderr]     Checking void v1.0.2
[INFO] [stderr]     Checking slab v0.4.1
[INFO] [stderr]     Checking unreachable v1.0.0
[INFO] [stderr]    Compiling parking_lot_core v0.3.1
[INFO] [stderr]     Checking stable_deref_trait v1.1.1
[INFO] [stderr]     Checking smallvec v0.6.7
[INFO] [stderr]     Checking owning_ref v0.4.0
[INFO] [stderr]    Compiling arrayvec v0.4.9
[INFO] [stderr]     Checking lazycell v1.2.1
[INFO] [stderr]     Checking lock_api v0.1.5
[INFO] [stderr]    Compiling rand_chacha v0.1.0
[INFO] [stderr]    Compiling rand_pcg v0.1.1
[INFO] [stderr]     Checking nodrop v0.1.13
[INFO] [stderr]    Compiling unicase v1.4.2
[INFO] [stderr]    Compiling rand v0.6.1
[INFO] [stderr]    Compiling pkg-config v0.3.14
[INFO] [stderr]    Compiling proc-macro2 v0.4.24
[INFO] [stderr]     Checking iovec v0.1.2
[INFO] [stderr]     Checking rand v0.5.5
[INFO] [stderr]     Checking num_cpus v1.9.0
[INFO] [stderr]     Checking bytes v0.4.11
[INFO] [stderr]     Checking net2 v0.2.33
[INFO] [stderr]     Checking mio v0.6.16
[INFO] [stderr]     Checking memoffset v0.2.1
[INFO] [stderr]     Checking itoa v0.4.3
[INFO] [stderr]    Compiling serde v1.0.82
[INFO] [stderr]     Checking crossbeam-epoch v0.7.0
[INFO] [stderr]    Compiling openssl-sys v0.9.40
[INFO] [stderr]     Checking tokio-executor v0.1.5
[INFO] [stderr]     Checking tokio-io v0.1.10
[INFO] [stderr]     Checking rand_isaac v0.1.1
[INFO] [stderr]     Checking rand_hc v0.1.0
[INFO] [stderr]     Checking rand_xorshift v0.1.0
[INFO] [stderr]    Compiling unicode-xid v0.1.0
[INFO] [stderr]     Checking crossbeam-deque v0.6.3
[INFO] [stderr]    Compiling typenum v1.10.0
[INFO] [stderr]    Compiling httparse v1.3.3
[INFO] [stderr]     Checking tokio-codec v0.1.1
[INFO] [stderr]     Checking parking_lot v0.6.4
[INFO] [stderr]     Checking mio-uds v0.6.7
[INFO] [stderr]     Checking time v0.1.41
[INFO] [stderr] The following warnings were emitted during compilation:
[INFO] [stderr] 
[INFO] [stderr] warning: /opt/rustwide/target/debug/build/openssl-sys-d81a0a9081d90753/out/expando.c:4:24: error: pasting "RUST_VERSION_OPENSSL_" and "(" does not give a valid preprocessing token
[INFO] [stderr] warning:     4 | #define VERSION2(n, v) RUST_VERSION_ ## n ## _ ## v
[INFO] [stderr] warning:       |                        ^~~~~~~~~~~~~
[INFO] [stderr] warning: /opt/rustwide/target/debug/build/openssl-sys-d81a0a9081d90753/out/expando.c:5:23: note: in expansion of macro 'VERSION2'
[INFO] [stderr] warning:     5 | #define VERSION(n, v) VERSION2(n, v)
[INFO] [stderr] warning:       |                       ^~~~~~~~
[INFO] [stderr] warning: /opt/rustwide/target/debug/build/openssl-sys-d81a0a9081d90753/out/expando.c:7:1: note: in expansion of macro 'VERSION'
[INFO] [stderr] warning:     7 | VERSION(OPENSSL, OPENSSL_VERSION_NUMBER)
[INFO] [stderr] warning:       | ^~~~~~~
[INFO] [stderr] 
[INFO] [stderr] error: failed to run custom build command for `openssl-sys v0.9.40`
[INFO] [stderr] note: To improve backtraces for build dependencies, set the CARGO_PROFILE_DEV_BUILD_OVERRIDE_DEBUG=true environment variable to enable debug information generation.
[INFO] [stderr] 
[INFO] [stderr] Caused by:
[INFO] [stderr]   process didn't exit successfully: `/opt/rustwide/target/debug/build/openssl-sys-619f74ee7ca82f96/build-script-main` (exit status: 101)
[INFO] [stderr]   --- stdout
[INFO] [stderr]   cargo:rerun-if-env-changed=X86_64_UNKNOWN_LINUX_GNU_OPENSSL_LIB_DIR
[INFO] [stderr]   cargo:rerun-if-env-changed=OPENSSL_LIB_DIR
[INFO] [stderr]   cargo:rerun-if-env-changed=X86_64_UNKNOWN_LINUX_GNU_OPENSSL_INCLUDE_DIR
[INFO] [stderr]   cargo:rerun-if-env-changed=OPENSSL_INCLUDE_DIR
[INFO] [stderr]   cargo:rerun-if-env-changed=X86_64_UNKNOWN_LINUX_GNU_OPENSSL_DIR
[INFO] [stderr]   cargo:rerun-if-env-changed=OPENSSL_DIR
[INFO] [stderr]   cargo:rustc-link-lib=ssl
[INFO] [stderr]   cargo:rustc-link-lib=crypto
[INFO] [stderr]   OPT_LEVEL = Some("0")
[INFO] [stderr]   TARGET = Some("x86_64-unknown-linux-gnu")
[INFO] [stderr]   HOST = Some("x86_64-unknown-linux-gnu")
[INFO] [stderr]   CC_x86_64-unknown-linux-gnu = None
[INFO] [stderr]   CC_x86_64_unknown_linux_gnu = None
[INFO] [stderr]   HOST_CC = None
[INFO] [stderr]   CC = None
[INFO] [stderr]   CFLAGS_x86_64-unknown-linux-gnu = None
[INFO] [stderr]   CFLAGS_x86_64_unknown_linux_gnu = None
[INFO] [stderr]   HOST_CFLAGS = None
[INFO] [stderr]   CFLAGS = None
[INFO] [stderr]   DEBUG = Some("true")
[INFO] [stderr]   running: "cc" "-O0" "-ffunction-sections" "-fdata-sections" "-fPIC" "-g" "-fno-omit-frame-pointer" "-m64" "-Wall" "-Wextra" "-E" "/opt/rustwide/target/debug/build/openssl-sys-d81a0a9081d90753/out/expando.c"
[INFO] [stderr]   cargo:warning=/opt/rustwide/target/debug/build/openssl-sys-d81a0a9081d90753/out/expando.c:4:24: error: pasting "RUST_VERSION_OPENSSL_" and "(" does not give a valid preprocessing token
[INFO] [stderr]   cargo:warning=    4 | #define VERSION2(n, v) RUST_VERSION_ ## n ## _ ## v
[INFO] [stderr]   cargo:warning=      |                        ^~~~~~~~~~~~~
[INFO] [stderr]   cargo:warning=/opt/rustwide/target/debug/build/openssl-sys-d81a0a9081d90753/out/expando.c:5:23: note: in expansion of macro 'VERSION2'
[INFO] [stderr]   cargo:warning=    5 | #define VERSION(n, v) VERSION2(n, v)
[INFO] [stderr]   cargo:warning=      |                       ^~~~~~~~
[INFO] [stderr]   cargo:warning=/opt/rustwide/target/debug/build/openssl-sys-d81a0a9081d90753/out/expando.c:7:1: note: in expansion of macro 'VERSION'
[INFO] [stderr]   cargo:warning=    7 | VERSION(OPENSSL, OPENSSL_VERSION_NUMBER)
[INFO] [stderr]   cargo:warning=      | ^~~~~~~
[INFO] [stderr]   exit status: 1
[INFO] [stderr] 
[INFO] [stderr]   --- stderr
[INFO] [stderr]   thread 'main' panicked at '
[INFO] [stderr]   Header expansion error:
[INFO] [stderr]   Error { kind: ToolExecError, message: "Command \"cc\" \"-O0\" \"-ffunction-sections\" \"-fdata-sections\" \"-fPIC\" \"-g\" \"-fno-omit-frame-pointer\" \"-m64\" \"-Wall\" \"-Wextra\" \"-E\" \"/opt/rustwide/target/debug/build/openssl-sys-d81a0a9081d90753/out/expando.c\" with args \"cc\" did not execute successfully (status code exit status: 1)." }
[INFO] [stderr] 
[INFO] [stderr]   Failed to find OpenSSL development headers.
[INFO] [stderr] 
[INFO] [stderr]   You can try fixing this setting the `OPENSSL_DIR` environment variable
[INFO] [stderr]   pointing to your OpenSSL installation or installing OpenSSL headers package
[INFO] [stderr]   specific to your distribution:
[INFO] [stderr] 
[INFO] [stderr]       # On Ubuntu
[INFO] [stderr]       sudo apt-get install libssl-dev
[INFO] [stderr]       # On Arch Linux
[INFO] [stderr]       sudo pacman -S openssl
[INFO] [stderr]       # On Fedora
[INFO] [stderr]       sudo dnf install openssl-devel
[INFO] [stderr] 
[INFO] [stderr]   See rust-openssl README for more information:
[INFO] [stderr] 
[INFO] [stderr]       https://github.com/sfackler/rust-openssl#linux
[INFO] [stderr]   ', /opt/rustwide/cargo-home/registry/src/index.crates.io-6f17d22bba15001f/openssl-sys-0.9.40/build/main.rs:432:13
[INFO] [stderr]   stack backtrace:
[INFO] [stderr]      0:     0x55c6a6d43061 - std::backtrace_rs::backtrace::libunwind::trace::h036e87df56fc4b9d
[INFO] [stderr]                                  at /rustc/9610dfe5a9a731ced1ea4923ecbd0c57fe367898/library/std/src/../../backtrace/src/backtrace/libunwind.rs:93:5
[INFO] [stderr]      1:     0x55c6a6d43061 - std::backtrace_rs::backtrace::trace_unsynchronized::hd61eb2dbd6ae476a
[INFO] [stderr]                                  at /rustc/9610dfe5a9a731ced1ea4923ecbd0c57fe367898/library/std/src/../../backtrace/src/backtrace/mod.rs:66:5
[INFO] [stderr]      2:     0x55c6a6d43061 - std::sys_common::backtrace::_print_fmt::h00c50d0875db23c9
[INFO] [stderr]                                  at /rustc/9610dfe5a9a731ced1ea4923ecbd0c57fe367898/library/std/src/sys_common/backtrace.rs:65:5
[INFO] [stderr]      3:     0x55c6a6d43061 - <std::sys_common::backtrace::_print::DisplayBacktrace as core::fmt::Display>::fmt::h63195ab2dde77ccc
[INFO] [stderr]                                  at /rustc/9610dfe5a9a731ced1ea4923ecbd0c57fe367898/library/std/src/sys_common/backtrace.rs:44:22
[INFO] [stderr]      4:     0x55c6a6d64f4f - core::fmt::rt::Argument::fmt::h83f4110348c688f4
[INFO] [stderr]                                  at /rustc/9610dfe5a9a731ced1ea4923ecbd0c57fe367898/library/core/src/fmt/rt.rs:138:9
[INFO] [stderr]      5:     0x55c6a6d64f4f - core::fmt::write::h509367dd365f983a
[INFO] [stderr]                                  at /rustc/9610dfe5a9a731ced1ea4923ecbd0c57fe367898/library/core/src/fmt/mod.rs:1094:21
[INFO] [stderr]      6:     0x55c6a6d40731 - std::io::Write::write_fmt::h8e60bfebdaabfee5
[INFO] [stderr]                                  at /rustc/9610dfe5a9a731ced1ea4923ecbd0c57fe367898/library/std/src/io/mod.rs:1713:15
[INFO] [stderr]      7:     0x55c6a6d42e75 - std::sys_common::backtrace::_print::h96e550016098cde6
[INFO] [stderr]                                  at /rustc/9610dfe5a9a731ced1ea4923ecbd0c57fe367898/library/std/src/sys_common/backtrace.rs:47:5
[INFO] [stderr]      8:     0x55c6a6d42e75 - std::sys_common::backtrace::print::h7a049611b153a02e
[INFO] [stderr]                                  at /rustc/9610dfe5a9a731ced1ea4923ecbd0c57fe367898/library/std/src/sys_common/backtrace.rs:34:9
[INFO] [stderr]      9:     0x55c6a6d44547 - std::panicking::default_hook::{{closure}}::h1b023d46676794c4
[INFO] [stderr]     10:     0x55c6a6d44334 - std::panicking::default_hook::hea2961dabcf68e83
[INFO] [stderr]                                  at /rustc/9610dfe5a9a731ced1ea4923ecbd0c57fe367898/library/std/src/panicking.rs:288:9
[INFO] [stderr]     11:     0x55c6a6d449fc - std::panicking::rust_panic_with_hook::h4285c91a8168b001
[INFO] [stderr]                                  at /rustc/9610dfe5a9a731ced1ea4923ecbd0c57fe367898/library/std/src/panicking.rs:705:13
[INFO] [stderr]     12:     0x55c6a6d448f7 - std::panicking::begin_panic_handler::{{closure}}::h6ebd0d46f0c6b010
[INFO] [stderr]                                  at /rustc/9610dfe5a9a731ced1ea4923ecbd0c57fe367898/library/std/src/panicking.rs:597:13
[INFO] [stderr]     13:     0x55c6a6d43496 - std::sys_common::backtrace::__rust_end_short_backtrace::h92042d128576b63a
[INFO] [stderr]                                  at /rustc/9610dfe5a9a731ced1ea4923ecbd0c57fe367898/library/std/src/sys_common/backtrace.rs:151:18
[INFO] [stderr]     14:     0x55c6a6d44642 - rust_begin_unwind
[INFO] [stderr]                                  at /rustc/9610dfe5a9a731ced1ea4923ecbd0c57fe367898/library/std/src/panicking.rs:593:5
[INFO] [stderr]     15:     0x55c6a6cc4693 - core::panicking::panic_fmt::h65404fc8061ee73a
[INFO] [stderr]                                  at /rustc/9610dfe5a9a731ced1ea4923ecbd0c57fe367898/library/core/src/panicking.rs:67:14
[INFO] [stderr]     16:     0x55c6a6cc8b85 - build_script_main::validate_headers::hcc7f4dd6b0d4cea6
[INFO] [stderr]     17:     0x55c6a6ccb26a - build_script_main::imp::try_pkg_config::h95b9acfe593f3d83
[INFO] [stderr]     18:     0x55c6a6cca0fa - build_script_main::imp::find_openssl_dir::hb4a78842f6407d8d
[INFO] [stderr]     19:     0x55c6a6cc9f42 - build_script_main::imp::get_openssl::{{closure}}::h1915ea4b6dd54284
[INFO] [stderr]     20:     0x55c6a6ccccd9 - core::option::Option<T>::unwrap_or_else::h6020d74d2c8d40a8
[INFO] [stderr]     21:     0x55c6a6cc9d31 - build_script_main::imp::get_openssl::h2d3cb2f4ba19eb41
[INFO] [stderr]     22:     0x55c6a6cc6600 - build_script_main::main::h1cf2505297091998
[INFO] [stderr]     23:     0x55c6a6cd12f3 - core::ops::function::FnOnce::call_once::h8ae780a5a8b13b22
[INFO] [stderr]     24:     0x55c6a6ccd506 - std::sys_common::backtrace::__rust_begin_short_backtrace::h0ed8ef8268f4079e
[INFO] [stderr]     25:     0x55c6a6cd02a9 - std::rt::lang_start::{{closure}}::hb0106a2432a8442f
[INFO] [stderr]     26:     0x55c6a6d3cc15 - core::ops::function::impls::<impl core::ops::function::FnOnce<A> for &F>::call_once::h49ef85a8a8d45198
[INFO] [stderr]                                  at /rustc/9610dfe5a9a731ced1ea4923ecbd0c57fe367898/library/core/src/ops/function.rs:284:13
[INFO] [stderr]     27:     0x55c6a6d3cc15 - std::panicking::try::do_call::ha1def14af693a135
[INFO] [stderr]                                  at /rustc/9610dfe5a9a731ced1ea4923ecbd0c57fe367898/library/std/src/panicking.rs:500:40
[INFO] [stderr]     28:     0x55c6a6d3cc15 - std::panicking::try::haa3dc2a1139932e2
[INFO] [stderr]                                  at /rustc/9610dfe5a9a731ced1ea4923ecbd0c57fe367898/library/std/src/panicking.rs:464:19
[INFO] [stderr]     29:     0x55c6a6d3cc15 - std::panic::catch_unwind::h9d9cbebaf9f15c67
[INFO] [stderr]                                  at /rustc/9610dfe5a9a731ced1ea4923ecbd0c57fe367898/library/std/src/panic.rs:142:14
[INFO] [stderr]     30:     0x55c6a6d3cc15 - std::rt::lang_start_internal::{{closure}}::hf660a772669a69cc
[INFO] [stderr]                                  at /rustc/9610dfe5a9a731ced1ea4923ecbd0c57fe367898/library/std/src/rt.rs:148:48
[INFO] [stderr]     31:     0x55c6a6d3cc15 - std::panicking::try::do_call::hb1c34715bb9b1c46
[INFO] [stderr]                                  at /rustc/9610dfe5a9a731ced1ea4923ecbd0c57fe367898/library/std/src/panicking.rs:500:40
[INFO] [stderr]     32:     0x55c6a6d3cc15 - std::panicking::try::h499866fd990da8f1
[INFO] [stderr]                                  at /rustc/9610dfe5a9a731ced1ea4923ecbd0c57fe367898/library/std/src/panicking.rs:464:19
[INFO] [stderr]     33:     0x55c6a6d3cc15 - std::panic::catch_unwind::hac1ffec55b72e7bc
[INFO] [stderr]                                  at /rustc/9610dfe5a9a731ced1ea4923ecbd0c57fe367898/library/std/src/panic.rs:142:14
[INFO] [stderr]     34:     0x55c6a6d3cc15 - std::rt::lang_start_internal::h0fecf91cd579e7b6
[INFO] [stderr]                                  at /rustc/9610dfe5a9a731ced1ea4923ecbd0c57fe367898/library/std/src/rt.rs:148:20
[INFO] [stderr]     35:     0x55c6a6cd0287 - std::rt::lang_start::h590b73a6aec0e04e
[INFO] [stderr]     36:     0x55c6a6cc9a85 - main
[INFO] [stderr]     37:     0x7f8ceb6a3d90 - <unknown>
[INFO] [stderr]     38:     0x7f8ceb6a3e40 - __libc_start_main
[INFO] [stderr]     39:     0x55c6a6cc4e25 - _start
[INFO] [stderr]     40:                0x0 - <unknown>
[INFO] [stderr] warning: build failed, waiting for other jobs to finish...
[INFO] running `Command { std: "docker" "inspect" "a3ef4d049361e793919d21520423a3265e3f8d38d8c7eb8dd90bfa7a5ba056ac", kill_on_drop: false }`
[INFO] running `Command { std: "docker" "rm" "-f" "a3ef4d049361e793919d21520423a3265e3f8d38d8c7eb8dd90bfa7a5ba056ac", kill_on_drop: false }`
[INFO] [stdout] a3ef4d049361e793919d21520423a3265e3f8d38d8c7eb8dd90bfa7a5ba056ac
